w is divided by 19?
15
Suppose 10*n = 4*n + 12. Suppose -4*p + n*p + 44 = 2*h, 2*h - 61 = -3*p. Calculate the remainder when 47 is divided by p.
13
Let w = 0 + 7. Suppose 4*r = 3*r + w. Suppose 2*y = r*y - 115. What is the remainder when 44 is divided by y?
21
Let w be (-60)/((-9)/3 + 2). Suppose -5*c + 0*m = m - 89, 0 = 4*c - 2*m - w. Suppose -131 = -3*i + 64. Calculate the remainder when i is divided by c.
14
Suppose 5*r = 4*l + 127, 100 = 5*r + 51*l - 46*l. Calculate the remainder when 152 is divided by r.
14
Suppose 0 = -3*g - 57 + 9. Calculate the remainder when 213/4 - (-4)/g is divided by 19.
15
Suppose -59 = -9*t + 355. Calculate the remainder when t is divided by 9.
1
Let o = 46 - 39. Suppose -33 = -5*q + o. Calculate the remainder when q is divided by ((-10)/6)/(1/(-3)).
3
Suppose h - 3*h + 12 = 0. Suppose 0 = 2*g - 7 - 53. Calculate the remainder when 38 is divided by g*h/(-9)*-1.
18
Suppose -5*q = 5*m - 5, 0 = -3*q + 5*q + m - 3. Suppose -v - q*s + 11 = 0, 26 = 4*v + s - 32. Let p = 51 + -24. What is the remainder when p is divided by v?
12
Suppose -3*g = 70 - 82. Suppose -j + 10 = -3*c, 2*j + 8*c - 3*c = 31. What is the remainder when j is divided by g?
1
Let f(x) = 10 - 3*x + 10 + 8*x. Calculate the remainder when f(10) is divided by 9.
7
Let d = -1515 + 1527. Calculate the remainder when 74 is divided by d.
2
Let j(p) = 26*p**3 + 14*p**2 - 3*p + 2. What is the remainder when (152 - 0)*3/4 is divided by j(1)?
36
Suppose 2*s + 5*s = 98. Suppose 26 - s = t. Calculate the remainder when t is divided by 4.
0
Let p(t) = -4*t - 29. Let z be p(-8). Suppose -123 = -z*d - 5*x, 4*x + 3 = -d + 44. Calculate the remainder when 163 is divided by d.
40
Let l = -2 - -16. Suppose 3*w - 14 - 3 = s, -s + 2*w = l. What is the remainder when (-276)/s*(-8)/(-6) is divided by 12?
10
Let l(k) = k**3 + 6*k**2 + 3*k. Suppose -27*h - 144 = -45*h. What is the remainder when l(-4) is divided by h?
4
Calculate the remainder when -3*24/18 - (-397 + 3) is divided by 56.
54
Let t(w) be the first derivative of -w**4/2 - 7*w**3/3 + w**2 - w + 2. Suppose -193 = 301*u - 311*u - 63. Calculate the remainder when t(-5) is divided by u.
12
Let x be (-180)/50 - (-2)/(-5). Let c be (-186)/x*(-4)/(-3). Suppose k = -2*k + u + c, -k - 1 = 4*u. Calculate the remainder when 37 is divided by k.
18
Suppose 4*q + 4*r - 24 = 0, 4*q - 3*r = 16 + 22. Let t(n) = -4*n + 7. What is the remainder when t(-6) is divided by q?
7
Let s be (-2)/(-5) + (-9)/((-135)/(-6)). Let p(z) = -z**2 + z + 15. Calculate the remainder when 88 is divided by p(s).
13
Let h(n) = -n + 1. Let m(v) = -20 + 3*v - 15 - 13 + 46. Let t(i) = 11*h(i) + 6*m(i). Calculate the remainder when t(1) is divided by 4.
2
Let k = -144 + 290. Let o(w) = -w**3 - w**2 + 37. Calculate the remainder when k is divided by o(0).
35
Let o(h) = h**3 - 10*h**2 - 11*h + 9. Let v be o(11). Suppose -m + v = 2*m. What is the remainder when 2 is divided by m + (-3)/(-3) - 2?
0
Suppose -f + 3*h - 6 = f, -25 = -3*f - 4*h. Suppose -3*q + 582 = f*q. Calculate the remainder when q is divided by 50.
47
Let b(d) = -25*d - 62. Calculate the remainder when b(-22) is divided by 14.
12
Let i = -4399 + 4410. Calculate the remainder when i is divided by 4*1*(-3)/(-4).
2
Let z(x) = x**2 - 12*x - 97. Calculate the remainder when 1328 is divided by z(18).
8
Let f(y) = y**3 + 22*y**2 + 27*y - 177. Calculate the remainder when f(-17) is divided by 117.
107
Suppose 3*o - 5*y = -2*o + 55, 0 = 4*o + 3*y - 30. Let d = 227 - 192. Calculate the remainder when d is divided by o.
8
Let h = -81 + 175. What is the remainder when h is divided by (-3)/((-15)/50) + 2?
10
Suppose 33*s - 1829 + 575 = 0. Calculate the remainder when s is divided by 31.
7
Let g be ((-2)/(-6))/(1/18). Let t(d) = d**3 - 5*d**2 - 7. Let o = -314 - -370. Calculate the remainder when o is divided by t(g).
27
Let z(a) = 9*a + 175. Calculate the remainder when z(-9) is divided by 69.
25
Suppose -12 = 4*s, 2*s - 1 = 3*u - 7. Suppose -2*d = -u*d - 2. Suppose -x - q + 2 + d = 0, 0 = 5*x + 4*q - 13. Calculate the remainder when 2 is divided by x.
0
Let i be 40/(-7) + (-20)/70. Calculate the remainder when i/((5 - 5) + 6/(-20)) is divided by -14*((-6)/(-4))/(-3).
6
Let a(p) = 2*p**3 - 4*p**2 - 34. What is the remainder when a(6) is divided by 17?
16
Suppose -5442 = -14*f - 1256. Calculate the remainder when f is divided by 38.
33
Let x = 124 + -66. Let j = -40 + x. Calculate the remainder when j is divided by 18/3*(-1)/(-2).
0
Suppose 0 = -12*d + 391 - 139. What is the remainder when d is divided by 13?
8
Suppose -2*i = -28 - 38. Calculate the remainder when i is divided by (-27 + 0)/(0 + 6/(-4)).
15
Calculate the remainder when ((-10)/15)/(1/(-90)) is divided by 24.
12
Let w = -79 + 327. Calculate the remainder when w is divided by 25.
23
Suppose 0 = 193*s - 189*s - 272. Calculate the remainder when 130 is divided by s.
62
Let d = 6 + 10. Let f = d + -14. Calculate the remainder when 588/24 + (-1)/f is divided by 13.
11
What is the remainder when 229 is divided by 8 + (6 - -17) + (8 - 1)?
1
Let f(n) = -n**3 + 74*n**2 - 209*n - 166. Calculate the remainder when f(71) is divided by 20.
18
Suppose 0 = -3*s - 3*s + 1830. Calculate the remainder when s is divided by 17.
16
Let z(u) be the second derivative of -u**4/12 - u**3 + 4*u**2 - 3*u. Let h = -41 - -42. Calculate the remainder when h is divided by z(-7).
0
Let n(v) = v**2 - 2*v - 19. Let p be n(6). Suppose -3*u + p*u - 62 = 0. Calculate the remainder when 54 is divided by u.
23
Let f(m) = -10*m - 5. Let p(i) = 12*i + 45. Let r be p(-4). What is the remainder when 47 is divided by f(r)?
22
Calculate the remainder when -5 - (28/(-7) - 218) is divided by 73.
71
Suppose l - 21 = -n, -l + 4*l - 69 = -n. Suppose 47 = 25*v - l*v. Calculate the remainder when v is divided by 25.
22
Let a = 227 + -219. Suppose u = 4*x + 6 - 2, u + 4*x + 4 = 0. Let m = 3 + u. What is the remainder when a is divided by m?
2
Suppose 0 = 4*f - 3*t - 61, -4*f - 3*t = 2*t - 101. Suppose -2*h + 72 = -5*h. Let s = 59 + h. Calculate the remainder when s is divided by f.
16
Suppose -4*j = -f - j + 15, 2*f + 20 = -4*j. Let y = -1 - -4. Suppose f = y*m - 50 + 17. Calculate the remainder when m is divided by 4.
3
Suppose 0 = 2*s - 5 - 7. What is the remainder when 5/15*s - -15 is divided by 10?
7
Suppose 5*n = n - 4*l + 364, 0 = -4*n + 3*l + 343. Let g = n + -38. What is the remainder when g is divided by 13?
11
Suppose 4*c - 4*d = 396, -281 = -5*c + 2*c - 5*d. Calculate the remainder when c is divided by 37.
23
Let i(s) = s**3 + 4*s**2 - 7*s - 6. Let t be i(-5). Suppose 23 = t*c - p - 79, 4*c - 4*p - 108 = 0. What is the remainder when c is divided by 9?
7
Suppose -r = -5*r + 4. Suppose -5*x - r = -11. Suppose -x*j + 7 = -j. What is the remainder when 13 is divided by j?
6
Let v = 9 + 13. Suppose 22 + 13 = -5*h. Let i = 12 + h. Calculate the remainder when v is divided by i.
2
Suppose -5*u - 106 = -166. What is the remainder when 369 is divided by u?
9
Let k = 49 + -28. Let n = k - -33. What is the remainder when n is divided by (2/(-4))/((-62)/1178)*2?
16
Let n(q) be the third derivative of -q**5/60 - q**4/4 + 4*q**3/3 - 31*q**2. Calculate the remainder when 38 is divided by n(-6).
6
Let r(w) = -w**2 - 15*w + 15. Calculate the remainder when 53 is divided by r(-15).
8
Suppose -4*n + 136 = -3*p, 2*n = -3*p - 80 + 130. Calculate the remainder when n is divided by 9.
4
Let v(q) = 3*q**3 + 3*q**2 - 3*q + 2. Let k be v(3). Calculate the remainder when 44 is divided by -1 + k/6 + 12/72.
12
Let c(t) = -t**3 - 6*t**2 - 3*t - 13. Let s be c(-6). Suppose s*d = 4*d + 5, -5*h + d = -65. Calculate the remainder when 48 is divided by h.
6
What is the remainder when -1*((-3 + -576)/3 + 1) is divided by 13?
10
Let s(d) = -d**3 + 2*d**2 - 16*d - 18. What is the remainder when s(-7) is divided by 67?
66
Let d(i) = 6*i**3 + i**2 - 2*i + 2. Let y(f) = 2*f**2 - 5*f + 6. Let m be y(2). Calculate the remainder when d(2) is divided by m*(-1)/1 - (-21 + -1).
14
Suppose -63 - 9 = -12*s. Calculate the remainder when 47 is divided by s.
5
Let b be (212/(-5))/(3*(-10)/75). Suppose b = -n + 115. What is the remainder when n is divided by 2?
1
Let g(t) = -t**2 + 5*t + 9. Let j be g(4). Suppose -y = -j - 48. Calcul